INSERT INTO `categoria_materia_primas` (`id`, `nombre`) VALUES
(1, 'ADITIVOS'),
(2, 'CEREALES'),
(3, 'COLORANTES'),
(4, 'CONSERVANTES'),
(5, 'CULTIVOS'),
(6, 'EDULCORANTES'),
(7, 'ENTURBIANTES'),
(8, 'ENVASES'),
(9, 'ESENCIAS'),
(10, 'ESTABILIZANTES'),
(11, 'FORTIFICANTES'),
(12, 'HARINAS'),
(13, 'PULPAS'),
(14, 'REGULADORES DE ACIDEZ'),
(15, 'SUSTITUTO LACTEO');






INSERT INTO `item_materia_primas` (`id`, `codigo`, `nombre`, `descripcion`, `categoria_materia_prima_id`,`unidad_id`) VALUES
(1, 'MP00001', 'HARINA DE TRIGO TIPO 1', 'HARINA TIPO A', 12,1),
(2, 'MP00004', 'HARINA DE LINAZA', 'HARINA DE LINAZA', 12,1),
(3, 'MP00005', 'HARINA DE ARROZ', 'HARINA DE ARROZ', 12,1),
(4, 'MP00010', 'HARINA DE AMARANTO', 'HARINA DE AMARANTO', 12,1),
(5, 'MP00012', 'HARINA DE AVENA', 'HARINA DE AVENA', 12,1),
(6, 'MP00020', 'PITO DE CAÑAHUA', 'PITO DE CAÑAHUA', 12,1),
(7, 'MP00038', 'AZUCAR', 'AZUCAR', 6,1),
(8, 'MP00040', 'EDULCORANTE TIPO 1', 'EDULDIET', 6,1),
(9, 'MP00041', 'EDULCORANTE TIPO 2', 'EMULSWEET 3609', 6,1),
(10, 'MP00042', 'GLUCOSA LIQUIDA', 'GLUCOSA LIQUIDA', 6,1),
(11, 'MP00045', 'MANTECA TIPO 1', 'MANTECA KARINA', 1,1),
(12, 'MP00056', 'BICARBONATO DE SODIO', 'BICARBONATO DE SODIO', 14,1),
(13, 'MP00066', 'ESENCIA VAINILLA TIPO 1', 'ESENCIA DE VAINILLA', 9,1),
(14, 'MP00070', 'ESENCIA CARAMELO TIPO 1', 'ESENCIA CARAMELO LECHE SOYA', 9,1),
(15, 'MP00071', 'ESENCIA CHOCOLATE TIPO 1', 'ESENCIA CHOCOLATE DEGUSA SOYA 20860', 9,1),
(16, 'MP00072', 'ESENCIA COOKIE CHOCOLATE TIPO 1', 'ESENCIA COOKIE CHOCOLATE', 9,1),
(17, 'MP00073', 'ESENCIA FRUTILLA TIPO 2', 'ESENCIA FRUTILLA NATURAL 6876B SOYA', 9,1),
(18, 'MP00079', 'ESENCIA CHOCOLATE TIPO 3', 'ESENCIA CHOCOLATE 9121', 9,1),
(19, 'MP00082', 'ESENCIA CLAVO CANELA TIPO 1', 'ESENCIA CLAVO CANELA', 9,1),
(20, 'MP00083', 'ESENCIA DE AVENA TIPO 1', 'ESENCIA DE AVENA 504734 MYLNER', 9,1),
(21, 'MP00084', 'ESENCIA CHIRIMOYA TIPO 1', 'ESENCIA DE CHIRIMOYA FC636200', 9,1),
(22, 'MP00085', 'ESENCIA CHIRIMOYA TIPO 2', 'ESENCIA CHIRIMOYA FC52900', 9,1),
(23, 'MP00086', 'ESENCIA MANZANA TIPO 2', 'ESENCIA MANZANA VERDE', 9,1),
(24, 'MP00095', 'ESENCIA COCO TIPO 2', 'ESENCIA COCO (11AC4275)', 9,1),
(25, 'MP00096', 'ESENCIA LIMON TIPO 3', 'ESENCIA LIMON 8456', 9,1),
(26, 'MP00101', 'ESENCIA PIÑA TIPO 2', 'ESENCIA PIÑA 21916077', 9,1),
(27, 'MP00102', 'ESENCIA MORA TIPO 1', 'ESENCIA MORA 92455277', 9,1),
(28, 'MP00103', 'ESENCIA UVA TIPO 1', 'ESENCIA UVA 92562677', 9,1),
(29, 'MP00104', 'ESENCIA NARANJA TIPO 3', 'ESENCIA NARANJA 13469277', 9,1),
(30, 'MP00109', 'ESENCIA NARANJA TIPO 4', 'ESENCIA NARANJA A', 9,1),
(31, 'MP00110', 'ESENCIA MANDARINA TIPO 1', 'ESENCIA MANDARINA 80014777', 9,1),
(32, 'MP00111', 'ESENCIA CITRUS PUNCH TIPO 1', 'ESENCIA CITRUS PUNCH TURBIA', 9,1),
(33, 'MP00113', 'ESENCIA CANELA EN POLVO TIPO 1', 'ESENCIA DE CANELA EN POLVO', 9,1),
(34, 'MP00118', 'ESENCIA DURAZNO TIPO 2', 'ESENCIA DURAZNO 11AC4308 LTS', 9,1),
(35, 'MP00120', 'ESENCIA LIMON TIPO 1', 'ESENCIA DE LIMON (SAPORITI)', 9,1),
(36, 'MP00121', 'SABORIZANTE MIX DE FRUTOS ROJOS TIPO 1', 'SAB.MIX DE FRUTOS ROJOS 11AC4348', 9,1),
(37, 'MP00123', 'ESENCIA MANZANA TIPO 1', 'ESENCIA MANZANA GOLDEN 71789', 9,1),
(38, 'MP00124', 'ESENCIA MANGO TIPO 1', 'ESENCIA MANGO 80205177', 9,1),
(39, 'MP00128', 'ESENCIA DURAZNO TIPO 3', 'ESENC.DURAZNO ZY1372379', 9,1),
(40, 'MP00129', 'COLORANTE AMARILLO TIPO 1', 'COLORANTE AMARILLO HUEVO', 3,1),
(41, 'MP00131', 'COLORANTE CHOCOLATE TIPO 1', 'COLORANTE CHOCOLATE', 3,1),
(42, 'MP00132', 'COLORANTE ROJO TIPO 1', 'COLORANTE ROJO FRESA', 3,1),
(43, 'MP00133', 'COLORANTE AMARILLO TIPO 2', 'TARTRAZINA', 3,1),
(44, 'MP00134', 'COLORANTE UVA TIPO 1', 'COLORANTE UVA', 3,1),
(45, 'MP00135', 'COLORANTE VERDE TIPO 1', 'COLORANTE VERDE MANZANA', 3,1),
(46, 'MP00137', 'COLORANTE CARMIN TIPO 1', 'COLORANTE MONTECARMIN 11325', 3,1),
(47, 'MP00138', 'COLORANTE BIXIN TIPO 1', 'COLORANTE MONTEBIXIN 5562', 3,1),
(48, 'MP00139', 'COLORANTE AZUL TIPO 1', 'COLORANTE AZUL BRILLANTE', 3,1),
(49, 'MP00140', 'COLORANTE NARANJA SUNSET TIPO 1', 'COLORANTE NARANJA SUNSET', 3,1),
(50, 'MP00144', 'CARBOXI METIL CELULOSA CMC', 'C.M.C. CARBOXI METIL CELULOSA', 10,1),
(51, 'MP00145', 'ESTABILIZANTE TIPO 4', 'GRINDSTED ESTABILIZANTE YOGUR', 10,1),
(52, 'MP00146', 'ESTABILIZANTE TIPO 2', 'PALSGAARD 5820 EMULSIONANTE', 10,1),
(53, 'MP00147', 'ESTABILIZANTE TIPO 3', 'PALSGAARD P5834', 10,1),
(54, 'MP00148', 'EMULSIFICANTE TIPO 1', 'EMULGEL', 10,1),
(55, 'MP00150', 'GOMA XANTHAN', 'GOMA XANTHAN', 10,1),
(56, 'MP00151', 'COLAGENO HIDROLIZADO', 'COLAGENO HIDROLIZADO', 1,1),
(57, 'MP00152', 'GELATINA NEUTRA', 'GELATINA SIN SABOR', 10,1),
(58, 'MP00153', 'MAICENA', 'MAICENA', 10,1),
(59, 'MP00155', 'MALTODEXTRINA', 'MALTODEXTRINA', 10,1),
(60, 'MP00156', 'CARRAGENINA', 'CARRAGENINA', 10,1),
(61, 'MP00157', 'PECTINA CITRICA', 'PECTINA CITRICA', 10,1),
(62, 'MP00158', 'ETENIA', 'ETENIA 457', 10,1),
(63, 'MP00160', 'ESTABILIZANTE TIPO 1', 'SHEREXYO 2530B (ESTABILIZANTE)', 10,1),
(64, 'MP00171', 'CULTIVO LACTEO TIPO 1', 'CULTIVO LYOFAST Y 4.36 A 10UC', 5,1),
(65, 'MP00172', 'CULTIVO LACTEO TIPO 2', 'CULTIVO LYOFAST Y 4.56 B 10UC', 5,1),
(66, 'MP00173', 'CULTIVO LACTEO TIPO 3', 'CULTIVO LYOFAST Y 4.56 B 5UC', 5,1),
(67, 'MP00191', 'FOSFATO TRICALCICO', 'FOSFATO TRICALCICO', 11,1),
(68, 'MP00192', 'SULFATO FERROSO', 'SULFATO FERROSO', 11,1),
(69, 'MP00194', 'FUMARATO FERROSO', 'FUMARATO FERROSO', 11,1),
(70, 'MP00195', 'VITAMINA A TIPO 1', 'VITAMINA A POLVO SOLUBLE', 11,1),
(71, 'MP00196', 'ACIDO FOLICO', 'ACIDO FOLICO', 11,1),
(72, 'MP00197', 'ACIDO FUMARICO', 'ACIDO FUMARICO', 14,1),
(73, 'MP00198', 'SULFATO DE ZING', 'SULFATO DE ZINC', 11,1),
(74, 'MP00201', 'ACIDO MALICO', 'ACIDO MALICO', 14,1),
(75, 'MP00202', 'ACIDO ASCORBICO', 'ACIDO ASCORBICO', 11,1),
(76, 'MP00203', 'ACIDO CITRICO', 'ACIDO CITRICO', 14,1),
(77, 'MP00204', 'ACIDO LACTICO', 'ACIDO LACTICO', 14,1),
(78, 'MP00205', 'CITRATO DE SODIO', 'CITRATO DE SODIO', 14,1),
(79, 'MP00207', 'POLIFOSFATO DE SODIO', 'POLIFOSFATO DE SODIO', 10,1),
(80, 'MP00213', 'SAL YODADA', 'SAL YODADA', 1,1),
(81, 'MP00216', 'COCOA ALCALINA TIPO 1', 'COCOA ALCALINA', 1,1),
(82, 'MP00219', 'LECHE EN POLVO TIPO 1', 'LECHE EN POLVO DESCREMADA', 15,1),
(83, 'MP00221', 'LECHE EN POLVO TIPO 2', 'KERRY 250', 15,1),
(84, 'MP00225', 'SORBATO DE POTASIO', 'SORBATO DE POTASIO', 4,1),
(85, 'MP00226', 'CONSERVANTE LIQUIDO', 'BACOXIN BACTERICIDA', 4,1),
(86, 'MP00227', 'BENZOATO DE SODIO', 'BENZOATO DE SODIO', 4,1),
(87, 'MP00228', 'NATAMICINA', 'NATAMICINA', 4,1),
(88, 'MP00241', 'CEREAL EN POLVO (CERELAC)', 'CERELAC', 2,1),
(89, 'MP00242', 'CEREAL COPOS DE MAIZ', 'COPOS DE MAIZ (CEREAL)', 2,1),
(90, 'MP00249', 'ANTIESPUMANTE', 'ANTIESPUMANTE', 1,1),
(91, 'MP00250', 'EDTA DISODICO', 'EDTA DISODICO', 14,1),
(92, 'MP00251', 'ENTURBIANTE EN POLVO', 'ENTURBIANTE EN POLVO', 7,1),
(93, 'MP00252', 'ENTURBIANTE LIQUIDO', 'ENTURBIANTE NEUTRO 2E017500', 7,1),
(94, 'MP00257', 'CANELA MOLIDA', 'CANELA MOLIDA', 1,1),
(95, 'MP00261', 'CUCHARITA PLASTICA 9CM', 'CUCHARITA PLASTICA 9CM', 8,1),
(96, 'MP00282', 'CULTIVO LACTEO TIPO 5', 'CULTIVO LYOFAST Y430A', 5,1),
(97, 'MP00284', 'ESENCIA DURAZNO TIPO 4', 'ESENCIA DURAZNO DZ-922', 9,1),
(98, 'MP00285', 'SABOR DULCE MELAZA', 'SABOR DULCE MELAZA', 9,1),
(99, 'MP00286', 'SABORIZANTE MANZANA TIPO 1', 'SABORIZANTE MANZANA ROJA', 9,1),
(100, 'MP00287', 'SABORIZANTE MANZANA TIPO 2', 'SABORIZANTE MANZANA', 9,1),
(101, 'MP00288', 'ESENCIA DURAZNO TIPO 5', 'ESENCIA DURAZNO 2D1912-00', 9,1),
(102, 'MP00289', 'SABORIZANTE MARACUYA TIPO 1', 'SABORIZANTE MARACUYA M76986', 9,1),
(103, 'MP00290', 'AROMA MARACUYA TIPO 1', 'AROMA DE MARACUYA FC982873', 9,1),
(104, 'MP00295', 'PULPA DE DURAZNO', 'PULPA DE DURAZNO', 13,1),
(105, 'MP00296', 'ESTABILIZANTE TIPO 5', 'DOREMIX FHA', 10,1),
(106, 'MP00297', 'CULTIVO LACTEO TIPO 7', 'CULTIVO LYOFAST Y 480F 5UC', 5,1),
(107, 'MP00298', 'ESENCIA FRESA TIPO 2', 'ESENCIA FRESA 86753A', 9,1),
(108, 'MP00301', 'STEVIA EN POLVO', 'STEVIA EN POLVO', 6,1),
(109, 'MP00303', 'CULTIVO LACTEO TIPO 8', 'CULTIVO LYOFAST Y4.50B 10UC', 5,1),
(110, 'MP00305', 'ESENCIA DAMASCO TIPO 1', 'ESENCIA DAMASCO TIPO 1', 9,1),
(111, 'MP00306', 'CHIA TOSTADA', 'CHIA TOSTADA', 12,1),
(112, 'MP00308', 'CUAJO ALBAMAX', 'CUAJO ALBAMAX', 1,1),
(113, 'MP00310', 'CULTIVO LRB', 'CULTIVO LRB', 5,1),
(114, 'MP00311', 'ESTABILIZANTE TIPO 6 SHEREX 21', 'ESTABILIZANTE TIPO 6 SHEREX 21', 10,1),
(115, 'MP00312', 'ESENCIA PLATANO', 'ESENCIA PLATANO', 9,1),
(116, 'MP00313', 'ESENCIA FRAMBRUESA', 'ESENCIA FRAMBRUESA', 9,1),
(117, 'MP00321', 'LACTASA', 'LACTASA', 1,1),
(118, 'MP00323', 'ESENCIA MORA 3870-01 TIPO2', 'ESENCIA MORA 3870-01 TIPO2', 9,1),
(119, 'MP00325', 'ESTABILIZANTE TIPO 7 RECODAM CN2', 'ESTABILIZANTE TIPO 7 RECODAM CN2', 10,1),
(120, 'MP00329', 'ACIDO FOSFORICO', 'ACIDO FOSFORICO', 14,1),
(121, 'MP00330', 'CULTIVO LACTEO TIPO 9', 'CULTIVO LACTOFERM YO-441', 5,1),
(122, 'MP00331', 'CULTIVO LACTEO TIPO 10', 'CULTIVO LYOFAST YAB 450BB 5UC', 5,1),
(123, 'MP00335', 'CEREAL HOJUELAS DE CHOCOLATE', 'CEREAL HOJUELAS DE CHOCOLATE', 2,1),
(124, 'MP00336', 'FUMARATO DE CALCIO', 'FUMARATO DE CALCIO', 11,1),
(125, 'MP00337', 'ESENCIA NARANJA TIPO 5', 'ESENCIA NARANJA 1208', 9,1),
(126, 'MP00341', 'ESENCIA TRES LECHES', 'ESENCIA TRES LECHES', 9,1),
(127, 'MP00346', 'PECTINA TIPO 2', 'PECTINA LM-106', 10,1),
(128, 'MP00350', 'HARINA INSTANTANEA DE AMARANTO', 'HARINA INSTANTANEA DE AMARANTO', 12,1),
(129, 'MP00351', 'HARINA INSTANTANEA DE QUINUA', 'HARINA INSTANTANEA DE QUINUA', 12,1),
(130, 'MP00352', 'ESENCIA NARANJA TIPO 6', 'ESENCIA NARANJA 5085', 9,1),
(131, 'MP00353', 'ESENCIA NARANJA TIPO 7', 'ESENCIA NARANJA 84196B', 9,1),
(132, 'MP00354', 'GOMA GUAR', 'GOMA GUAR', 10,1),
(133, 'MP00355', 'ESENCIA VAINILLA TIPO 6', 'ESENCIA VAINILLA TIPO 6', 9,1),
(134, 'MP00356', 'ESENCIA PAPAYA TIPO 1', 'ESENCIA PAPAYA 368307', 9,1),
(135, 'MP00357', 'ESENCIA VAINILLA TIPO 7', 'ESENCIA VAINILLA H-3128', 9,1),
(136, 'MP00363', 'LECHE EN POLVO TIPO 6', 'LECHE EN POLVO TIPO 6', 15,1),
(137, 'MP00364', 'VITAMINA A TIPO 2', 'VITAMINA A TIPO 2 ACETATO', 11,1),
(138, 'MP00365', 'ESENCIA UVA TIPO 2', 'ESENCIA UVA FU843-00', 9,1),
(139, 'MP00368', 'ESENCIA CEREZA', 'ESENCIA CEREZA 85021402A', 9,1),
(140, 'MP00369', 'MEZCLA CLAVO DE OLOR Y CANELA EN POLVO', 'MEZCLA CLAVO DE OLOR Y CANELA EN POLVO', 1,1),
(141, 'MP00374', 'ESENCIA PLATANO PI7233-00', 'ESENCIA PLATANO PI7233-00', 9,1),
(142, 'MP00377', 'ESENCIA MELON 800150-77', 'ESENCIA MELON 800150-77', 9,1),
(143, 'MP00378', 'ESENCIA FRUTILLA 800854-77', 'ESENCIA FRUTILLA 800854-77', 9,1),
(144, 'MP00381', 'NECTAR CONCENTRADO DE ASAI', 'NECTAR CONCENTRADO DE ASAI', 13,1),
(145, 'MP00382', 'AROMA NATURAL POMELO ROSADO', 'AROMA NATURAL POMELO ROSADO', 9,1),
(146, 'MP00385', 'CHOCOLITAS CRICK', 'CHOCOLITAS CRICK', 2,1),
(147, 'MP00386', 'SABORIZANTE MELON EN POLVO', 'SABORIZANTE MELON EN POLVO', 9,1),
(148, 'MP00387', 'ESENCIA FRUTILLA HB', 'ESENCIA FRUTILLA HB', 9,1),
(149, 'MP00390', 'ESENCIA PIÑA TIPO 4', 'ESENCIA PIÑA TIPO 4', 9,1),
(150, 'MP00391', 'ESENCIA DURAZNO TIPO 7', 'ESENCIA DURAZNO TIPO 7', 9,1),
(151, 'MP00394', 'ESENCIA MANZANA TIPO 3', 'MANZANA 11AC 4419 TIPO 3', 9,1),
(152, 'MP00395', 'ESENCIA FRESA TIPO 3', 'FRESA 11AC 4372  TIPO 3', 9,1),
(153, 'MP00396', 'CARRAGENINA TIPO 2', 'CARRAGENINA TIPO 2', 10,1),
(154, 'MP00397', 'ESENCIA COCO TIPO 3', 'ESENCIA COCO HB 02-FC7857-00', 9,1),
(155, 'MP00407', 'CULTIVO LACTEO TIPO 11', 'DVS YF-L904 X 50U', 5,1),
(156, 'MP00421', 'VITAMINA D', 'VITAMINA D', 11,1),
(157, 'MP00423', 'SABORIZANTE PERA TIPO 1', 'SABORIZANTE PERA TIPO 1-5134', 9,1),
(158, 'MP00424', 'SABORIZANTE PERA TIPO 2', 'SABORIZANTE PERA TIPO 2 -33258', 9,1),
(159, 'MP00426', 'CEREAL HOJUELITA', 'CEREAL HOJUELITA', 2,1),
(160, 'MP00428', 'NECTAR CONCENTRADO DE ACEROLA', 'NECTAR CONCENTRADO DE ACEROLA', 13,1),
(161, 'MP00431', 'ESENCIA  CAMU CAMU TIPO1', 'ESENCIA  CAMU CAMU TIPO1', 9,1),
(162, 'MP00432', 'AROMA   DE ASSAI TIPO 1', 'AROMA   DE ASSAI TIPO 1', 9,1),
(163, 'MP00433', 'PULPA DE ASAI', 'PULPA DE ASAI', 13,1),
(164, 'MP00439', 'ESENCIA LIMON TIPO 4', 'ESENCIA LIMON TIPO 4', 9,1),
(165, 'MP00440', 'PULPA DE COPOAZU', 'PULPA DE COPOAZU', 13,1),
(166, 'MP00441', 'ESENCIA POMELO TIPO2', 'ESENCIA POMELO TIPO 2', 9,1),
(167, 'MP00443', 'ESENCIA POMELO TIPO 3', 'ESENCIA POMELO TIPO 3', 9,1),
(168, 'MP00445', 'SABORIZANTE FRAMBUESA TIPO 2', 'SABORIZANTE FRAMBUESA TIPO 2', 9,1),
(169, 'MP00447', 'ESENCIA MANDARINA  TIPO2', 'ESENCIA MANDARINA  TIPO2', 9,1),
(170, 'MP00448', 'ESENCIA  LIMÓN TIPO 5', 'ESENCIA  LIMÓN TIPO 5', 9,1),
(171, 'MP00449', 'CULTIVO LACTEO TIPO12', 'CULTIVO LACTEO TIPO 12', 5,1),
(172, 'MP00451', 'ESENCIA CHOCOLATE TIPO 4', 'ESENCIA CHOCOLATE TIPO 4', 9,1),
(173, 'MP00452', 'ESENCIA CARAMELO TIPO 2', 'ESENCIA CARAMELO TIPO 2', 9,1),
(174, 'MP00453', 'FOSFATO DISODICO', 'FOSFATO DISODICO', 14,1),
(175, 'MP00455', 'ESENCIA LECHE TIPO 2', 'ESENCIA LECHE TIPO 2', 9,1),
(176, 'MP00456', 'HARINA INSTANTANEA WILLCAPARU', 'HARINA INSTANTANEA WILLCAPARU', 12,1),
(177, 'MP00458', 'SABORIZANTE MANZANA Y CEREZA', 'SABORIZANTE MANZANA Y CEREZA', 9,1),
(178, 'MP00460', 'CULTIVO LACTEOS  TIPO 13', 'CULTIVO LYOFAST MIX 432 EN 10UC', 5,1),
(179, 'MP00470', 'COCOA ALCALINA CHINA', 'COCOA ALCALINA CHINA', 1,1);



INSERT INTO `almacenero_materia_primas` (`id`, `nombre`) VALUES
(1, 'PEDRO'),
(2, 'CIRILO'),
(3, 'JULIO'),
(4, 'RONAL'),
(5, 'MARCO'),
(6, 'DEMETRIO'),
(7, 'ALFREDO'),
(8, 'JOSE LUIS');


INSERT INTO `proveedor_materia_primas` (`id`, `nombre`) VALUES
(1, 'AGUAI'),
(2, 'ALCOHOL CAÑERO'),
(3, 'ALICAMP'),
(4, 'ALICO'),
(5, 'ALICORP'),
(6, 'ALVELZA'),
(7, 'ANDERS BOLIVIA'),
(8, 'BELEN'),
(9, 'BIOFERM'),
(10, 'BIOFUM'),
(11, 'BIOINSUMOS '),
(12, 'BIOTAL'),
(13, 'CARINSA'),
(14, 'CARSA'),
(15, 'CLOROSUR'),
(16, 'COLMAFLEX'),
(17, 'CUATIS'),
(18, 'DIVERSEY'),
(19, 'DOREMUS'),
(20, 'DOSIS'),
(21, 'ETRAI'),
(22, 'EUROSIGMA'),
(23, 'FELXOGRAFIA'),
(24, 'FLEXBOL'),
(25, 'FLEXOGRAFIA'),
(26, 'FLEXYPLAS'),
(27, 'FLORAMATIC'),
(28, 'FOOD CO.LTD'),
(29, 'FOODCHEM BIOTECH'),
(30, 'FOODING GROUP'),
(31, 'FRANCISCO SOZA'),
(32, 'FRANCISCO SUSZ'),
(33, 'GRINPLAS'),
(34, 'IMP.SOALPRO'),
(35, 'IMPORTADO'),
(36, 'IMPORTADO POR SOALPRO'),
(37, 'IMPRIMIR'),
(38, 'INALIM'),
(39, 'INDUSTRIAS PACHECO'),
(40, 'INPLAZ'),
(41, 'INTERCOM'),
(42, 'INTERQUIMICA'),
(43, 'ISAL'),
(44, 'LA PAZ FOODS'),
(45, 'LOS ANDES'),
(46, 'MACHU PICHO'),
(47, 'MAPRIAL'),
(48, 'MASTERSENCE'),
(49, 'MATHIESSEN'),
(50, 'NATURAL HEALTH'),
(51, 'NATUREX'),
(52, 'PACHECO'),
(53, 'PAL HARMONY'),
(54, 'PANADERIA '),
(55, 'PLASMEN'),
(56, 'POLIFOOD'),
(57, 'POYPLAST'),
(58, 'PREFORSA'),
(59, 'PROSERCO'),
(60, 'PROSYBOL'),
(61, 'QP'),
(62, 'QUIMPAC'),
(63, 'RAILPLAST'),
(64, 'SABOREA'),
(65, 'SANTA CLARA'),
(66, 'SAPORE'),
(67, 'SAPORE BOLIVIA'),
(68, 'SEVIMA'),
(69, 'SOALPRO'),
(70, 'SOYA'),
(71, 'SPARTAN'),
(72, 'SPECTRA'),
(73, 'UNAGRO'),
(74, 'VERY QUIMIC'),
(75, 'WET CHEMICAL');
